{"id":3350,"date":"2026-03-06T11:14:52","date_gmt":"2026-03-06T12:14:52","guid":{"rendered":"https:\/\/www.dzievan.com\/?page_id=3350"},"modified":"2026-03-06T11:15:25","modified_gmt":"2026-03-06T12:15:25","slug":"fitness-and-fashion-via-stylizacja-osobowa","status":"publish","type":"page","link":"https:\/\/www.dzievan.com\/index.php\/fitness-and-fashion-via-stylizacja-osobowa\/","title":{"rendered":"Fitness and Fashion &#8211; VIA + Stylizacja Osobowa"},"content":{"rendered":"\n<p class=\"has-medium-font-size\"><strong>Unikalne po\u0142\u0105czenie Sesji Treningowych Programu VIA z ca\u0142ym pakietem korzy\u015bci p\u0142yn\u0105cych z jego codziennego stosowania dope\u0142nione profesjonalnym doradztwem w zakresie Stylizacji Osobowej.<\/strong><\/p>\n\n\n\n<p class=\"has-medium-font-size\"><strong>Zdrowie, Si\u0142a, Sprawno\u015b\u0107, Dobry Wygl\u0105d, Dobre Samopoczucie Psychiczne i Fizyczne.<\/strong><\/p>\n\n\n\n<p class=\"has-medium-font-size\"><strong>Kontakt: <a href=\"https:\/\/api.whatsapp.com\/send\/?phone=447708427444&amp;text&amp;type=phone_number&amp;app_absent=0\">Marzena WhatsApp<\/a><\/strong><\/p>\n\n\n\n<p class=\"has-medium-font-size\"><\/p>\n\n\n\n<p><\/p>\n","protected":false},"excerpt":{"rendered":"<p>Unikalne po\u0142\u0105czenie Sesji Treningowych Programu VIA z ca\u0142ym pakietem korzy\u015bci p\u0142yn\u0105cych z jego codziennego stosowania dope\u0142nione profesjonalnym doradztwem w zakresie Stylizacji Osobowej. Zdrowie, Si\u0142a, Sprawno\u015b\u0107, Dobry Wygl\u0105d, Dobre Samopoczucie Psychiczne &#8230;<\/p>\n","protected":false},"author":1,"featured_media":0,"parent":0,"menu_order":0,"comment_status":"closed","ping_status":"closed","template":"","meta":{"footnotes":""},"class_list":["post-3350","page","type-page","status-publish","hentry"],"_links":{"self":[{"href":"https:\/\/www.dzievan.com\/index.php\/wp-json\/wp\/v2\/pages\/3350","targetHints":{"allow":["GET"]}}],"collection":[{"href":"https:\/\/www.dzievan.com\/index.php\/wp-json\/wp\/v2\/pages"}],"about":[{"href":"https:\/\/www.dzievan.com\/index.php\/wp-json\/wp\/v2\/types\/page"}],"author":[{"embeddable":true,"href":"https:\/\/www.dzievan.com\/index.php\/wp-json\/wp\/v2\/users\/1"}],"replies":[{"embeddable":true,"href":"https:\/\/www.dzievan.com\/index.php\/wp-json\/wp\/v2\/comments?post=3350"}],"version-history":[{"count":2,"href":"https:\/\/www.dzievan.com\/index.php\/wp-json\/wp\/v2\/pages\/3350\/revisions"}],"predecessor-version":[{"id":3352,"href":"https:\/\/www.dzievan.com\/index.php\/wp-json\/wp\/v2\/pages\/3350\/revisions\/3352"}],"wp:attachment":[{"href":"https:\/\/www.dzievan.com\/index.php\/wp-json\/wp\/v2\/media?parent=3350"}],"curies":[{"name":"wp","href":"https:\/\/api.w.org\/{rel}","templated":true}]}}

<p class="has-medium-font-size"><strong>Unikalne połączenie Sesji Treningowych Programu VIA z całym pakietem korzyści płynących z jego codziennego stosowania dopełnione profesjonalnym doradztwem w zakresie Stylizacji Osobowej.</strong></p>



<p class="has-medium-font-size"><strong>Zdrowie, Siła, Sprawność, Dobry Wygląd, Dobre Samopoczucie Psychiczne i Fizyczne.</strong></p>



<p class="has-medium-font-size"><strong>Kontakt: <a href="https://api.whatsapp.com/send/?phone=447708427444&amp;text&amp;type=phone_number&amp;app_absent=0">Marzena WhatsApp</a></strong></p>



<p class="has-medium-font-size"></p>



<p></p>

<p>Unikalne połączenie Sesji Treningowych Programu VIA z całym pakietem korzyści płynących z jego codziennego stosowania dopełnione profesjonalnym doradztwem w zakresie Stylizacji Osobowej. Zdrowie, Siła, Sprawność, Dobry Wygląd, Dobre Samopoczucie Psychiczne &#8230;</p>
